 -x + 10. Let r = -18 - -25. What is m(r)?
3
Let b = 81 + -83. Let f(t) = -2*t**3 + t - 2. What is f(b)?
12
Let s(c) = c**2 - 5*c + 8. Let u(t) = t**2 - 4*t + 8. Let l(r) = -4*s(r) + 5*u(r). Calculate l(0).
8
Let a(s) = -3. Let p(y) = y + 9. Let o(n) = -11*a(n) - 4*p(n). Let r(w) = -w**2 - 1. Let c(l) = o(l) - 2*r(l). Let z be 30/9 - (-1)/(-3). Give c(z).
5
Let j(i) = -i**2 - 4*i + 1. Let n be (6/(-12))/((-1)/(-6)). Determine j(n).
4
Suppose -41 = -5*t - b, -t - 4*b + 5 = -7. Let r(z) = -z**3 + 8*z**2 + 6. Determine r(t).
6
Suppose -22 + 7 = 5*p. Let m(r) = -r**2 - 1 - 2*r + 0 + 5. Give m(p).
1
Let d(b) = 5*b**3 + b**2 - 2*b + 1. Let r be d(1). Let c(f) = f - r*f - 2*f + 4*f - 2. Calculate c(5).
-12
Suppose 4*y - 4 = -12. Let d(r) = 2*r**2 + 2*r + 1. Give d(y).
5
Let k(p) = -9*p + 2 - 1 + 2*p. Suppose z - 3*z - 22 = -3*o, 0 = 4*o + 2*z - 20. Suppose 3*x - o = -3. Calculate k(x).
-6
Let u(w) = -2*w**2 - 15*w + 9. Let p(y) = 3*y**2 + 23*y - 14. Let a(i) = 5*p(i) + 8*u(i). Calculate a(-6).
-4
Let k be 1*-5*8/20. Let i(u) = 4*u + 3. Give i(k).
-5
Let x(z) = -z**3 - 10*z**2 + z + 13. Let b be x(-10). Let q be ((-6)/b)/2*4. Let l(t) = -3*t - 3. Give l(q).
9
Let a(h) = 3*h**3 - 2*h - h**2 + 0*h - h**2 - 1. Let d = 0 + -1. Let g be a(d). Let u(k) = k**2 + 7*k + 5. Give u(g).
-7
Let t(v) be the second derivative of v**4/12 + v**3 - 3*v**2/2 - 2*v. Let p(l) = -l**3 + 8*l**2 - 2*l + 9. Let f be p(8). Give t(f).
4
Let v(g) = 0 - g - 4 + 3. Let x be 2 + (-3)/(6/(-4)). Determine v(x).
-5
Let m(d) = 7*d**3 - d**2 + d + 1. Suppose 0 = -k + 4*y + 18, -k - 2*y - 18 = -6*k. Let n = 10 + -9. Suppose n = l + k. Determine m(l).
-8
Suppose -4*h = -0*h - 24. Let b(j) = -h - j**2 - 3 - 5*j + 2. Let n(i) = -i**2 - 2*i + 3. Let t be n(2). Determine b(t).
-7
Let t be 1*(-4)/2*-2. Let x(w) = -4*w**2 - 2 + 2 - t*w - 2*w**3 - 2. Suppose -3*q = 6 - 0. Determine x(q).
6
Suppose 0 = 2*g + 4*v - 6, 0*g + 2*g - 5*v = -30. Let u be -1*5/(-1) - 2. Let f(n) = -6*n + n**u + 4*n**2 + 1 - 2 - 1. What is f(g)?
3
Suppose -2*f + 9 = d + 3*f, 4*d - 2 = -3*f. Let p be d*1/(2/(-22)). Let r be (-20)/p + 2/(-11). Let n(v) = -2*v**2 - 2*v + 1. Calculate n(r).
-3
Let p(m) = -5 + 1 + m + 5. Suppose x - 4 = -1. Suppose -v = 4 - x. Determine p(v).
0
Suppose -5*n + 3*n = 4. Suppose 3*t + 0*t - 9 = 0. Let r(q) = -q**2 - 2*q**3 + t*q**2 - 5*q**2. Calculate r(n).
4
Let h(u) = 20*u**2 + u - 3 - u**3 + 15*u**2 - 31*u**2. Give h(4).
1
Let q = -12 + 11. Let n(w) be the second derivative of -w**3/2 - w**2/2 - 4*w. Give n(q).
2
Let c(s) = -4*s + 1. Let i be c(-1). Let u(r) = -r**2 + 5*r + 6. Determine u(i).
6
Suppose -5*n + 1 = -3*g + 4, 2*g + n + 11 = 0. Suppose -2*f - f = 5*d - 25, 5*f - 19 = 3*d. Let q(u) = -d - 2 + 0 + 0 - u. Give q(g).
0
Let p(x) = x**2 - 6*x - 4. Let r be 0/(-1) + (-1 - -7). What is p(r)?
-4
Let c be (1 - 1)/((-6)/(-3)). Suppose 4*a - 5*o + c*o - 35 = 0, 0 = a + 5*o + 10. Let p(i) = i. Determine p(a).
5
Let c(g) = -g**3 + g**2 + g - 4. Let u be c(0). Let q = u - -5. Suppose -m - 3*j - 12 = -q, -j = 4*m. Let r(o) = -o + 1. Give r(m).
0
Let l(q) be the first derivative of 1/6*q**3 - 2*q + 3 - 11/2*q**2. Let b(u) be the first derivative of l(u). What is b(0)?
-11
Let m(i) = i. Let a(z) = 3*z - 1. Let w(n) = a(n) - 2*m(n). Give w(-6).
-7
Let s(u) = u**2 - 3*u + 2. Let p(x) = x**3 - x**2 + 2. Let t be p(0). Calculate s(t).
0
Let g(u) = -10*u + 13. Let b be g(2). Let v(i) = i**3 + 8*i**2 + 8*i - 9. Determine v(b).
-16
Let r(s) = s - 3. Suppose 0 = 3*k + 4*c - 44, -2*k = 2*k - 2*c - 22. Let i be r(k). Let f(o) = o**3 - 6*o**2 + 5*o + 1. Give f(i).
1
Let i(t) = t**3 + 5*t**2 - 6*t + 4. Let k be i(-6). Let v be (0 + 0)/(8/k). Let r(h) = h**2 + h - 4. What is r(v)?
-4
Let b(p) = 2*p**3 + 3*p**2 + p. Suppose 3*k = 2*u - 12, 0 = -4*k + u - 3*u - 2. Calculate b(k).
-6
Let n be ((-56)/(-21))/((-2)/(-3)). Let z(b) = b**2 - 4*b + 6. Determine z(n).
6
Let k(s) be the first derivative of -3*s**2/2 + 2*s - 34. Calculate k(-2).
8
Let l(o) = -o**2 + 9*o - 7. Let a be l(6). Let r = a + -13. Let x(k) = -k. What is x(r)?
2
Let m(i) = -i - 1. Let q be m(-2). Let s be (-4)/(-3 + 1)*q. Let p(o) = 2*o - 1. Let y(c) = c. Let u(t) = 3*p(t) - 2*y(t). Determine u(s).
5
Let b(o) be the third derivative of 4*o**2 - 1/60*o**5 + 0 + 5/3*o**3 + 0*o**4 + 0*o. Calculate b(0).
10
Let i(u) = 5*u**3 + 7*u**2 - 6*u + 2. Let k(x) = -11*x**3 - 15*x**2 + 13*x - 4. Let s(t) = -13*i(t) - 6*k(t). Let v be ((-8)/6)/((-4)/6). Determine s(v).
2
Let t = -2 + 6. Let y(j) = -t*j - j**2 - 4 - 5 + 9*j + 3. Let o be -1 - (-5 - 0/(-1)). Calculate y(o).
-2
Let g(w) be the second derivative of -w**7/420 + w**6/90 - w**5/30 + w**4/12 - w**3/3 + 2*w. Let u(i) be the second derivative of g(i). Determine u(2).
-6
Let w(i) = 4*i**2 - 18*i + 5. Let q be w(4). Let c(o) = 1 + 1 - 4*o + 5*o. What is c(q)?
-1
Let x(r) = r**3 - 5*r**2 + 7. Suppose -2 = -z + 1. Let m = z + 2. Determine x(m).
7
Let j(k) = -4*k - 3. Let q(c) = -c**2 + c + 2. Let r be q(2). Suppose 0*n - 4*n + 48 = r. Let v be (-16)/6 - n/(-18). Calculate j(v).
5
Let h(g) = 3*g - 1. Let y(q) = q**2 - q. Let z(i) = 4*i**2 - 8*i - 2. Let m(w) = -3*y(w) + z(w). Let f be m(5). Calculate h(f).
-7
Suppose l + 5*p - 9 = 0, -2*l - l + 5*p = -7. Let s(h) = -3*h + 1. Give s(l).
-11
Let y(x) = x**3 + 7*x**2 - 5*x - 10. Let m be y(-7). Suppose -4*o - m = -3*z - 2*z, 4*z + 5*o = 20. Let i(p) = -p + 9. Calculate i(z).
4
Let z(g) be the first derivative of -g**2/2 + 13*g - 1. Let f be z(9). Let c(j) be the third derivative of -j**4/12 + j**3 - j**2. Calculate c(f).
-2
Let l(b) = b + 1. Let m(o) = 3*o + 6. Let q(k) = 5*l(k) - m(k). Let h be 12/(-9)*3*-1. Give q(h).
7
Let c = 1 + 4. Let a(k) = -k**3 + 1 + c*k**3 + k - k - k. What is a(1)?
4
Let b = 3 + -4. Let i(c) = 3*c**3 + 6*c**2 + 2*c - 5. Let l(a) = -3*a**3 - 7*a**2 - 2*a + 6. Let f(y) = -7*i(y) - 6*l(y). Give f(b).
4
Let v(w) be the second derivative of w**3/6 - 3*w. Let j(n) = n. Let g be j(6). What is v(g)?
6
Let t(h) = -3 + 5 + h**2 + 1 + 1 - 5*h. Let k be t(5). Suppose 0 = -2*o + k*c - 8, 4 = -0*o + o + 2*c. Let j(x) = x**3 + x**2 - 5. Give j(o).
-5
Let c(i) be the first derivative of i**3/3 - 5*i**2/2 - 3*i - 11. Calculate c(4).
-7
Let b = 2 + -1. Let z(r) = -r - 4*r + r**2 + 5*r. Give z(b).
1
Suppose 0 = -6*k + 4*k. Let r = k + -5. Let x(t) be the second derivative of t**4/12 + 7*t**3/6 + 7*t**2/2 - t. Determine x(r).
-3
Let h(q) = q**3 - 4*q - 3. Let k(z) be the first derivative of -z**4/4 + 2*z**2 + 3*z - 2. Let o(v) = 5*h(v) + 4*k(v). Let a = -160 + 158. Calculate o(a).
-3
Let k(o) = 3*o**2 - o**2 - 7*o**2 - 4*o + 4*o**2. Let c(s) = s**3 - 3*s**2 - 5*s. Suppose d - 17 = -4*q, -4*q - 2*d = -10 - 8. Let y be c(q). Calculate k(y).
0
Let d(c) be the second derivative of -c**4/12 + c**3 + 5*c**2/2 - c. Suppose z = 1 + 5. Calculate d(z).
5
Let v(r) be the first derivative of 3*r**2/2 - 3*r - 29. Determine v(2).
3
Let r = 5 + 1. Let n(t) = -t + 7. What is n(r)?
1
Let a(t) be the third derivative of -t**6/120 + t**5/12 - t**4/12 + 2*t**3/3 + 9*t**2. Give a(5).
-6
Let n(c) be the second derivative of 0 + 2*c**2 - 4/3*c**3 + 1/12*c**4 + c. What is n(3)?
-11
Let c(f) = f + 14. Suppose d + 6 = -4. Let h = 0 + d. Let z be c(h). Let a(p) = p**2 - 2*p. What is a(z)?
8
Suppose 5*h + 1 = 3*v, 0 = 2*h - 0*v - 3*v - 5. Let p = h + 0. Let u(i) = -2*i**2 + i + 2. Give u(p).
-8
Let p(l) = -2*l**2 + 1. Let x = 2 - -1. Let m(s) = -3*s**2 + 1. Let z(g) = x*p(g) - 4*m(g). Calculate z(-1).
5
Let l(z) = 2*z + 0 - 4 + 2. What is l(4)?
6
Let w(q) = -q**3 + q**2 + 4*q - 3. Let o(p) = -2*p**3 + 2*p**2 + 7*p - 5. Let f(v) = 3*o(v) - 5*w(v). Calculate f(-1).
1
Let s(y) = -y - 2. Let j(t) = -t - 4. Let i be j(-4). Suppose 4*u = -2*m + 26, -2*u + 4*u = 4*m + 8. Suppose z = -i*z + u. Calculate s(z).
-8
Let q(w) = 14 - w**3 - 16 + 4*w - w. Calculate q(2).
-4
Let h(x) = -x. Let r(y) = -y**3 + 5*y**2 - y + 7. Let m be r(5). Let s be (2/m)/(4/12). Suppose -s*z + 7 = -0*w + w, -10 = -3*w + 2*z. Give h(w).
-4
Let d(a) = -a**3 - 2*a**2 + a. Let g be d(1). Let m(o) = -2*o + 1. What is m(g)?
5
Let g(z) = -2*z**2 + 15*z - 21. Let t(c) = 3*c**2 - 23*c + 31. Let f(u) = 7*g(u) + 5*t(u). Give f(8).
-8
Suppose -3*y = -2*y + 2*r - 4, -28 = -5*y - 2*r. Let m(b) = -2 + b + 3 + 0. Give m(y).
7
